1 divide 3399444?
False
Does 427 divide 1596553?
True
Is 868 a factor of 3901660?
True
Does 29 divide 140621?
True
Is 57 a factor of 2669118?
False
Does 32 divide 151648?
True
Is 1111 a factor of 204424?
True
Is 5906 a multiple of 5?
False
Does 6 divide 3055759?
False
Is 25 a factor of 1758657?
False
Is 10 a factor of 3718080?
True
Does 33 divide 412633?
False
Is 6 a factor of 132966?
True
Is 26 a factor of 3777562?
False
Is 20 a factor of 213680?
True
Is 49323 a multiple of 30?
False
Is 33 a factor of 453915?
True
Is 1616045 a multiple of 19?
True
Is 29547 a multiple of 603?
True
Does 302 divide 1365342?
True
Does 61 divide 290778?
False
Does 5 divide 13060?
True
Is 5669606 a multiple of 3?
False
Is 585990 a multiple of 18?
True
Does 101 divide 254064?
False
Is 3 a factor of 152318?
False
Does 493 divide 2198402?
False
Is 145 a factor of 260782?
False
Is 1157517 a multiple of 606?
False
Does 45 divide 472478?
False
Is 100 a factor of 126692?
False
Is 343 a factor of 478050?
False
Does 10 divide 3530275?
False
Is 176076 a multiple of 603?
True
Does 8 divide 154956?
False
Is 142092 a multiple of 100?
False
Is 23 a factor of 577990?
True
Does 113 divide 9365326?
False
Does 240 divide 177629?
False
Is 3058336 a multiple of 496?
True
Does 244 divide 672676?
False
Does 192 divide 630144?
True
Is 9888450 a multiple of 825?
True
Is 12 a factor of 141519?
False
Is 175404 a multiple of 94?
True
Is 10 a factor of 3958580?
True
Is 192 a factor of 92438?
False
Is 10 a factor of 349833?
False
Is 8 a factor of 8715142?
False
Is 8 a factor of 4763?
False
Does 127 divide 143637?
True
Is 572595 a multiple of 654?
False
Is 1135155 a multiple of 2?
False
Is 134 a factor of 92698?
False
Is 1739345 a multiple of 5?
True
Does 18 divide 2715832?
False
Is 49 a factor of 475986?
True
Is 32894 a multiple of 30?
False
Does 590 divide 1551110?
True
Does 11 divide 181835?
False
Is 829029 a multiple of 151?
False
Is 98 a factor of 465516?
False
Does 429 divide 276773?
False
Does 794 divide 5324323?
False
Does 397 divide 901529?
False
Is 5 a factor of 70715?
True
Is 805418 a multiple of 118?
False
Is 620868 a multiple of 372?
True
Is 32 a factor of 322394?
False
Is 27 a factor of 12179133?
True
Is 1188996 a multiple of 467?
False
Is 37 a factor of 17253433?
True
Is 44 a factor of 15381?
False
Is 616123 a multiple of 47?
True
Is 88 a factor of 423179?
False
Does 25 divide 602575?
True
Is 22 a factor of 61901?
False
Does 2399 divide 8581223?
True
Is 151 a factor of 42280?
True
Does 438 divide 3381438?
False
Does 50 divide 49150?
True
Does 205 divide 327795?
True
Does 13 divide 2743598?
True
Is 133 a factor of 7692057?
False
Does 22 divide 20856?
True
Does 12 divide 100431?
False
Does 17 divide 2468883?
False
Is 5 a factor of 154615?
True
Is 1697724 a multiple of 845?
False
Does 80 divide 2554880?
True
Is 28 a factor of 86268?
True
Is 6133 a multiple of 15?
False
Does 151 divide 305775?
True
Is 216221 a multiple of 119?
False
Is 44 a factor of 99264?
True
Is 8 a factor of 5115070?
False
Does 72 divide 7666541?
False
Is 104 a factor of 10400?
True
Is 2805816 a multiple of 897?
True
Is 63 a factor of 456757?
False
Does 1338 divide 9409459?
False
Does 407 divide 621420?
False
Is 16 a factor of 1136073?
False
Is 660 a factor of 4433880?
True
Does 115 divide 89177?
False
Is 44 a factor of 26216?
False
Is 10 a factor of 83221?
False
Is 7638036 a multiple of 1151?
True
Is 5 a factor of 102967?
False
Is 698 a factor of 3836208?
True
Does 16 divide 7672302?
False
Is 254 a factor of 266457?
False
Does 432 divide 797904?
True
Is 183 a factor of 288774?
True
Does 71 divide 80301?
True
Does 241 divide 2009719?
False
Does 18 divide 441576?
True
Does 75 divide 339150?
True
Is 13661013 a multiple of 29?
False
Is 102 a factor of 145248?
True
Is 631 a factor of 23164010?
True
Does 361 divide 22205719?
False
Is 1000860 a multiple of 35?
True
Is 48 a factor of 4974192?
True
Is 26 a factor of 179034?
False
Is 9167927 a multiple of 1249?
False
Is 276 a factor of 819733?
False
Does 144 divide 3799584?
True
Is 900966 a multiple of 1606?
True
Does 128 divide 189460?
False
Is 343432 a multiple of 8?
True
Is 2784432 a multiple of 30?
False
Does 141 divide 1672853?
False
Is 76918 a multiple of 112?
False
Is 103 a factor of 495308?
False
Is 8443840 a multiple of 92?
False
Is 553014 a multiple of 19?
True
Is 1285371 a multiple of 2259?
True
Is 130 a factor of 55510?
True
Is 548 a factor of 10341237?
False
Does 12 divide 1028?
False
Does 32 divide 3652416?
True
Is 12 a factor of 144960?
True
Does 8 divide 123362?
False
Is 77 a factor of 386386?
True
Is 693504 a multiple of 16?
True
Is 33 a factor of 487785?
False
Is 873339 a multiple of 255?
False
Does 7 divide 610304?
False
Does 33 divide 12139785?
False
Is 48 a factor of 1729312?
False
Is 190910 a multiple of 85?
True
Is 2821 a multiple of 7?
True
Is 10 a factor of 37216800?
True
Is 56 a factor of 871848?
False
Is 750737 a multiple of 43?
True
Does 20 divide 281960?
True
Does 274 divide 344144?
True
Does 207 divide 3778459?
False
Is 19167 a multiple of 66?
False
Does 16 divide 426128?
True
Is 119 a factor of 1864602?
False
Is 341740 a multiple of 10?
True
Is 44 a factor of 401544?
True
Does 59 divide 3177268?
True
Is 3 a factor of 75579?
True
Is 189038 a multiple of 14?
False
Is 554425 a multiple of 331?
True
Does 18 divide 151558?
False
Does 8 divide 203776?
True
Does 137 divide 830357?
True
Is 6 a factor of 192494?
False
Is 9828280 a multiple of 40?
True
Is 69101 a multiple of 179?
False
Does 1673 divide 13023449?
False
Does 40 divide 2576059?
False
Is 313996 even?
True
Is 6 a factor of 19812?
True
Does 19 divide 205?
False
Is 6219717 a multiple of 103?
False
Is 47 a factor of 157428?
False
Is 52 a factor of 8453833?
False
Does 53 divide 258605?
False
Does 115 divide 141675?
False
Does 25 divide 49297?
False
Is 61 a factor of 66124?
True
Does 23 divide 424764?
True
Is 4212 a multiple of 54?
True
Is 612501 a multiple of 143?
False
Is 57132 a multiple of 69?
True
Is 102085 a multiple of 66?
False
Does 449 divide 167319?
False
Is 3797224 a multiple of 47?
True
Does 1104 divide 6336960?
True
Is 14339587 a multiple of 110?
False
Does 568 divide 2801944?
True
Is 179 a factor of 6940188?
True
Does 61 divide 3276432?
True
Is 33 a factor of 1507810?
False
Does 1019 divide 3078878?
False
Is 332806 a multiple of 4?
False
Is 2882750 a multiple of 10?
True
Does 7 divide 186641?
True
Is 1692501 a multiple of 57?
True
Is 307 a factor of 221961?
True
Does 23 divide 122301?
False
Does 7 divide 34528?
False
Is 69504 a multiple of 48?
True
Is 1664589 a multiple of 279?
False
Is 418432 a multiple of 8?
True
Is 1139163 a multiple of 103?
False
Is 13 a factor of 48035?
True
Is 110269 a multiple of 726?
False
Is 9 a factor of 8784?
True
Is 1058445 a multiple of 26?
False
Does 219 divide 102316?
False
Is 7631820 a multiple of 18?
True
Does 1085 divide 8887235?
True
Does 16 divide 246621?
False
Is 272 a factor of 10582532?
False
Is 4609500 a multiple of 20?
True
Is 23 a factor of 5934295?
False
Is 2492068 a multiple of 1285?
False
Is 201 a factor of 4567725?
True
Does 143 divide 75790?
True
Is 643 a factor of 12269726?
True
Is 111 a factor of 317432?
False
Is 43610 a multiple of 35?
True
Is 48625 a multiple of 17?
False
Is 136680 a multiple of 136?
True
Is 532 a factor of 696039?
False
Is 492 a multiple of 64?
False
Does 47 divide 64155?
True
Is 3147764 a multiple of 14?
False
Does 59 divide 206736?
True
Is 17 a factor of 145067?
False
Is 52611 a multiple of 39?
True
Is 116242 a multiple of 5?
False
Is 700794 a multiple of 13?
False
Is 118 a factor of 43660?
True
Is 5 a factor of 163970?
True
Is 79 a factor of 4226421?
True
Is 63535 a multiple of 16?
False
Is 2997964 a multiple of 72?
False
Does 39 divide 3178851?
True
Is 6784061 a multiple of 15?
False
Does 715 divide 16255525?
True
Is 25 a factor of 5117311?
False
Is 2 a factor of 5014501?
False
Is 107338 a multiple of 5?
False
Is 178494 a multiple of 379?
False
Does 4 divide 452113?
False
Is 76 a factor of 11225656?
True
Is 10 a factor of 255020?
True
Does 65 divide 552305?
True
Is 143 a factor of 247595?
False
Does 360 divide 775492?
False
Does 48 divide 83952?
True
Does 387 divide 91719?
True
Is 25 a factor of 73670?
